{"id":1859,"date":"2025-11-04T16:24:34","date_gmt":"2025-11-04T15:24:34","guid":{"rendered":"https:\/\/tactilab.org\/?page_id=1859"},"modified":"2026-01-13T16:58:48","modified_gmt":"2026-01-13T15:58:48","slug":"le-fablab-inclusif-a-villeurbanne-imaginer-fabriquer-echanger-a-la-portee-de-chacun%c2%b7e","status":"publish","type":"page","link":"https:\/\/tactilab.org\/","title":{"rendered":"Le FabLab inclusif \u00e0 Villeurbanne : imaginer, fabriquer, \u00e9changer \u00e0 la port\u00e9e de chacun\u00b7e"},"content":{"rendered":"\t\t<div data-elementor-type=\"wp-page\" data-elementor-id=\"1859\" class=\"elementor elementor-1859\">\n\t\t\t\t\t\t<section class=\"elementor-section elementor-top-section elementor-element elementor-element-3c1e314 elementor-section-content-space-around elementor-section-boxed elementor-section-height-default elementor-section-height-default\" data-id=\"3c1e314\" data-element_type=\"section\" data-e-type=\"section\">\n\t\t\t\t\t\t<div class=\"elementor-container elementor-column-gap-default\">\n\t\t\t\t\t<div class=\"elementor-column elementor-col-50 elementor-top-column elementor-element elementor-element-3aec239\" data-id=\"3aec239\" data-element_type=\"column\" data-e-type=\"column\">\n\t\t\t<div class=\"elementor-widget-wrap elementor-element-populated\">\n\t\t\t\t\t\t<div class=\"elementor-element elementor-element-4cf2413 elementor-align-justify elementor-widget elementor-widget-button\" data-id=\"4cf2413\" data-element_type=\"widget\" data-e-type=\"widget\" data-widget_type=\"button.default\">\n\t\t\t\t<div class=\"elementor-widget-container\">\n\t\t\t\t\t\t\t\t\t<div class=\"elementor-button-wrapper\">\n\t\t\t\t\t<a class=\"elementor-button elementor-button-link elementor-size-sm elementor-animation-grow-rotate\" href=\"https:\/\/tactilab.org\/index.php\/le-tactilab\/\">\n\t\t\t\t\t\t<span class=\"elementor-button-content-wrapper\">\n\t\t\t\t\t\t\t\t\t<span class=\"elementor-button-text\">Le TactiLab<\/span>\n\t\t\t\t\t<\/span>\n\t\t\t\t\t<\/a>\n\t\t\t\t<\/div>\n\t\t\t\t\t\t\t\t<\/div>\n\t\t\t\t<\/div>\n\t\t\t\t<div class=\"elementor-element elementor-element-95a295c elementor-align-justify elementor-widget elementor-widget-button\" data-id=\"95a295c\" data-element_type=\"widget\" data-e-type=\"widget\" data-widget_type=\"button.default\">\n\t\t\t\t<div class=\"elementor-widget-container\">\n\t\t\t\t\t\t\t\t\t<div class=\"elementor-button-wrapper\">\n\t\t\t\t\t<a class=\"elementor-button elementor-button-link elementor-size-sm elementor-animation-grow-rotate\" href=\"https:\/\/tactilab.org\/index.php\/pour-qui-2\/\">\n\t\t\t\t\t\t<span class=\"elementor-button-content-wrapper\">\n\t\t\t\t\t\t\t\t\t<span class=\"elementor-button-text\">Pour Qui ?<\/span>\n\t\t\t\t\t<\/span>\n\t\t\t\t\t<\/a>\n\t\t\t\t<\/div>\n\t\t\t\t\t\t\t\t<\/div>\n\t\t\t\t<\/div>\n\t\t\t\t<div class=\"elementor-element elementor-element-5b112ca elementor-align-justify elementor-widget elementor-widget-button\" data-id=\"5b112ca\" data-element_type=\"widget\" data-e-type=\"widget\" data-widget_type=\"button.default\">\n\t\t\t\t<div class=\"elementor-widget-container\">\n\t\t\t\t\t\t\t\t\t<div class=\"elementor-button-wrapper\">\n\t\t\t\t\t<a class=\"elementor-button elementor-button-link elementor-size-sm elementor-animation-grow-rotate\" href=\"https:\/\/tactilab.org\/index.php\/ressources\/\">\n\t\t\t\t\t\t<span class=\"elementor-button-content-wrapper\">\n\t\t\t\t\t\t\t\t\t<span class=\"elementor-button-text\">Ressources<\/span>\n\t\t\t\t\t<\/span>\n\t\t\t\t\t<\/a>\n\t\t\t\t<\/div>\n\t\t\t\t\t\t\t\t<\/div>\n\t\t\t\t<\/div>\n\t\t\t\t\t<\/div>\n\t\t<\/div>\n\t\t\t\t<div class=\"elementor-column elementor-col-50 elementor-top-column elementor-element elementor-element-4cdf40f\" data-id=\"4cdf40f\" data-element_type=\"column\" data-e-type=\"column\">\n\t\t\t<div class=\"elementor-widget-wrap elementor-element-populated\">\n\t\t\t\t\t\t<div class=\"elementor-element elementor-element-5471604 elementor-align-justify elementor-widget elementor-widget-button\" data-id=\"5471604\" data-element_type=\"widget\" data-e-type=\"widget\" data-widget_type=\"button.default\">\n\t\t\t\t<div class=\"elementor-widget-container\">\n\t\t\t\t\t\t\t\t\t<div class=\"elementor-button-wrapper\">\n\t\t\t\t\t<a class=\"elementor-button elementor-button-link elementor-size-sm elementor-animation-grow-rotate\" href=\"https:\/\/tactilab.org\/index.php\/creations\/\">\n\t\t\t\t\t\t<span class=\"elementor-button-content-wrapper\">\n\t\t\t\t\t\t\t\t\t<span class=\"elementor-button-text\">Les Cr\u00e9ations<\/span>\n\t\t\t\t\t<\/span>\n\t\t\t\t\t<\/a>\n\t\t\t\t<\/div>\n\t\t\t\t\t\t\t\t<\/div>\n\t\t\t\t<\/div>\n\t\t\t\t<div class=\"elementor-element elementor-element-d5401f3 elementor-align-justify elementor-widget elementor-widget-button\" data-id=\"d5401f3\" data-element_type=\"widget\" data-e-type=\"widget\" data-widget_type=\"button.default\">\n\t\t\t\t<div class=\"elementor-widget-container\">\n\t\t\t\t\t\t\t\t\t<div class=\"elementor-button-wrapper\">\n\t\t\t\t\t<a class=\"elementor-button elementor-button-link elementor-size-sm elementor-animation-grow-rotate\" href=\"https:\/\/tactilab.org\/index.php\/informations-pratiques\/\">\n\t\t\t\t\t\t<span class=\"elementor-button-content-wrapper\">\n\t\t\t\t\t\t\t\t\t<span class=\"elementor-button-text\">Informations Pratiques<\/span>\n\t\t\t\t\t<\/span>\n\t\t\t\t\t<\/a>\n\t\t\t\t<\/div>\n\t\t\t\t\t\t\t\t<\/div>\n\t\t\t\t<\/div>\n\t\t\t\t<div class=\"elementor-element elementor-element-6298ef9 elementor-align-justify elementor-widget elementor-widget-button\" data-id=\"6298ef9\" data-element_type=\"widget\" data-e-type=\"widget\" data-widget_type=\"button.default\">\n\t\t\t\t<div class=\"elementor-widget-container\">\n\t\t\t\t\t\t\t\t\t<div class=\"elementor-button-wrapper\">\n\t\t\t\t\t<a class=\"elementor-button elementor-button-link elementor-size-sm elementor-animation-grow-rotate\" href=\"https:\/\/tactilab.org\/index.php\/actualite\/\">\n\t\t\t\t\t\t<span class=\"elementor-button-content-wrapper\">\n\t\t\t\t\t\t\t\t\t<span class=\"elementor-button-text\">Actualit\u00e9s<\/span>\n\t\t\t\t\t<\/span>\n\t\t\t\t\t<\/a>\n\t\t\t\t<\/div>\n\t\t\t\t\t\t\t\t<\/div>\n\t\t\t\t<\/div>\n\t\t\t\t\t<\/div>\n\t\t<\/div>\n\t\t\t\t\t<\/div>\n\t\t<\/section>\n\t\t\t\t<section class=\"elementor-section elementor-top-section elementor-element elementor-element-efe5e60 elementor-section-boxed elementor-section-height-default elementor-section-height-default\" data-id=\"efe5e60\" data-element_type=\"section\" data-e-type=\"section\">\n\t\t\t\t\t\t<div class=\"elementor-container elementor-column-gap-default\">\n\t\t\t\t\t<div class=\"elementor-column elementor-col-100 elementor-top-column elementor-element elementor-element-f0639f4\" data-id=\"f0639f4\" data-element_type=\"column\" data-e-type=\"column\">\n\t\t\t<div class=\"elementor-widget-wrap elementor-element-populated\">\n\t\t\t\t\t\t<div class=\"elementor-element elementor-element-5036904 elementor-widget-divider--separator-type-pattern elementor-widget-divider--view-line elementor-widget elementor-widget-divider\" data-id=\"5036904\" data-element_type=\"widget\" data-e-type=\"widget\" data-widget_type=\"divider.default\">\n\t\t\t\t<div class=\"elementor-widget-container\">\n\t\t\t\t\t\t\t<div class=\"elementor-divider\" style=\"--divider-pattern-url: url(&quot;data:image\/svg+xml,%3Csvg xmlns=&#039;http:\/\/www.w3.org\/2000\/svg&#039; preserveAspectRatio=&#039;none&#039; overflow=&#039;visible&#039; height=&#039;100%&#039; viewBox=&#039;0 0 24 24&#039; fill=&#039;black&#039; stroke=&#039;none&#039;%3E%3Cpath d=&#039;M12.7,2.3c-0.4-0.4-1.1-0.4-1.5,0l-8,9.1c-0.3,0.4-0.3,0.9,0,1.2l8,9.1c0.4,0.4,1.1,0.4,1.5,0l8-9.1c0.3-0.4,0.3-0.9,0-1.2L12.7,2.3z&#039;\/%3E%3C\/svg%3E&quot;);\">\n\t\t\t<span class=\"elementor-divider-separator\">\n\t\t\t\t\t\t<\/span>\n\t\t<\/div>\n\t\t\t\t\t\t<\/div>\n\t\t\t\t<\/div>\n\t\t\t\t<div class=\"elementor-element elementor-element-3bad84e elementor-widget elementor-widget-heading\" data-id=\"3bad84e\" data-element_type=\"widget\" data-e-type=\"widget\" data-widget_type=\"heading.default\">\n\t\t\t\t<div class=\"elementor-widget-container\">\n\t\t\t\t\t<span class=\"elementor-heading-title elementor-size-default\">Retrouvez-nous ici !<\/span>\t\t\t\t<\/div>\n\t\t\t\t<\/div>\n\t\t\t\t<div class=\"elementor-element elementor-element-ef31d55 elementor-widget elementor-widget-google_maps\" data-id=\"ef31d55\" data-element_type=\"widget\" data-e-type=\"widget\" data-widget_type=\"google_maps.default\">\n\t\t\t\t<div class=\"elementor-widget-container\">\n\t\t\t\t\t\t\t<div class=\"elementor-custom-embed\">\n\t\t\t<iframe loading=\"lazy\"\n\t\t\t\t\tsrc=\"https:\/\/maps.google.com\/maps?q=TactiLab&#038;t=m&#038;z=14&#038;output=embed&#038;iwloc=near\"\n\t\t\t\t\ttitle=\"TactiLab\"\n\t\t\t\t\taria-label=\"TactiLab\"\n\t\t\t><\/iframe>\n\t\t<\/div>\n\t\t\t\t\t\t<\/div>\n\t\t\t\t<\/div>\n\t\t\t\t\t<\/div>\n\t\t<\/div>\n\t\t\t\t\t<\/div>\n\t\t<\/section>\n\t\t\t\t<\/div>\n\t\t","protected":false},"excerpt":{"rendered":"<p>Le TactiLab Pour Qui ? Ressources Les Cr\u00e9ations Informations Pratiques Actualit\u00e9s Retrouvez-nous ici !<\/p>\n","protected":false},"author":1,"featured_media":0,"parent":0,"menu_order":0,"comment_status":"closed","ping_status":"closed","template":"","meta":{"footnotes":""},"class_list":["post-1859","page","type-page","status-publish","hentry"],"yoast_head":"<!-- This site is optimized with the Yoast SEO plugin v27.4 - https:\/\/yoast.com\/product\/yoast-seo-wordpress\/ -->\n<title>Le FabLab inclusif \u00e0 Villeurbanne : imaginer, fabriquer, \u00e9changer \u00e0 la port\u00e9e de chacun\u00b7e - TactiLab<\/title>\n<meta name=\"robots\" content=\"index, follow, max-snippet:-1, max-image-preview:large, max-video-preview:-1\" \/>\n<link rel=\"canonical\" href=\"https:\/\/tactilab.org\/\" \/>\n<meta property=\"og:locale\" content=\"fr_FR\" \/>\n<meta property=\"og:type\" content=\"article\" \/>\n<meta property=\"og:title\" content=\"Le FabLab inclusif \u00e0 Villeurbanne : imaginer, fabriquer, \u00e9changer \u00e0 la port\u00e9e de chacun\u00b7e - TactiLab\" \/>\n<meta property=\"og:description\" content=\"Le TactiLab Pour Qui ? Ressources Les Cr\u00e9ations Informations Pratiques Actualit\u00e9s Retrouvez-nous ici !\" \/>\n<meta property=\"og:url\" content=\"https:\/\/tactilab.org\/\" \/>\n<meta property=\"og:site_name\" content=\"TactiLab\" \/>\n<meta property=\"article:modified_time\" content=\"2026-01-13T15:58:48+00:00\" \/>\n<meta name=\"twitter:card\" content=\"summary_large_image\" \/>\n<script type=\"application\/ld+json\" class=\"yoast-schema-graph\">{\"@context\":\"https:\\\/\\\/schema.org\",\"@graph\":[{\"@type\":\"WebPage\",\"@id\":\"https:\\\/\\\/tactilab.org\\\/\",\"url\":\"https:\\\/\\\/tactilab.org\\\/\",\"name\":\"Le FabLab inclusif \u00e0 Villeurbanne : imaginer, fabriquer, \u00e9changer \u00e0 la port\u00e9e de chacun\u00b7e - TactiLab\",\"isPartOf\":{\"@id\":\"https:\\\/\\\/tactilab.org\\\/#website\"},\"datePublished\":\"2025-11-04T15:24:34+00:00\",\"dateModified\":\"2026-01-13T15:58:48+00:00\",\"breadcrumb\":{\"@id\":\"https:\\\/\\\/tactilab.org\\\/#breadcrumb\"},\"inLanguage\":\"fr-FR\",\"potentialAction\":[{\"@type\":\"ReadAction\",\"target\":[\"https:\\\/\\\/tactilab.org\\\/\"]}]},{\"@type\":\"BreadcrumbList\",\"@id\":\"https:\\\/\\\/tactilab.org\\\/#breadcrumb\",\"itemListElement\":[{\"@type\":\"ListItem\",\"position\":1,\"name\":\"Accueil\",\"item\":\"https:\\\/\\\/tactilab.org\\\/\"},{\"@type\":\"ListItem\",\"position\":2,\"name\":\"Le FabLab inclusif \u00e0 Villeurbanne : imaginer, fabriquer, \u00e9changer \u00e0 la port\u00e9e de chacun\u00b7e\"}]},{\"@type\":\"WebSite\",\"@id\":\"https:\\\/\\\/tactilab.org\\\/#website\",\"url\":\"https:\\\/\\\/tactilab.org\\\/\",\"name\":\"TactiLab\",\"description\":\"TactiLab L&#039;atelier singulier\",\"publisher\":{\"@id\":\"https:\\\/\\\/tactilab.org\\\/#organization\"},\"potentialAction\":[{\"@type\":\"SearchAction\",\"target\":{\"@type\":\"EntryPoint\",\"urlTemplate\":\"https:\\\/\\\/tactilab.org\\\/?s={search_term_string}\"},\"query-input\":{\"@type\":\"PropertyValueSpecification\",\"valueRequired\":true,\"valueName\":\"search_term_string\"}}],\"inLanguage\":\"fr-FR\"},{\"@type\":\"Organization\",\"@id\":\"https:\\\/\\\/tactilab.org\\\/#organization\",\"name\":\"TactiLab\",\"url\":\"https:\\\/\\\/tactilab.org\\\/\",\"logo\":{\"@type\":\"ImageObject\",\"inLanguage\":\"fr-FR\",\"@id\":\"https:\\\/\\\/tactilab.org\\\/#\\\/schema\\\/logo\\\/image\\\/\",\"url\":\"https:\\\/\\\/tactilab.org\\\/wp-content\\\/uploads\\\/2020\\\/06\\\/cropped-tactilab-RVB_LOGOcomplet-1-e1592398906865.png\",\"contentUrl\":\"https:\\\/\\\/tactilab.org\\\/wp-content\\\/uploads\\\/2020\\\/06\\\/cropped-tactilab-RVB_LOGOcomplet-1-e1592398906865.png\",\"width\":293,\"height\":250,\"caption\":\"TactiLab\"},\"image\":{\"@id\":\"https:\\\/\\\/tactilab.org\\\/#\\\/schema\\\/logo\\\/image\\\/\"},\"sameAs\":[\"https:\\\/\\\/www.instagram.com\\\/tacti.lab\\\/\"]}]}<\/script>\n<!-- \/ Yoast SEO plugin. -->","yoast_head_json":{"title":"Le FabLab inclusif \u00e0 Villeurbanne : imaginer, fabriquer, \u00e9changer \u00e0 la port\u00e9e de chacun\u00b7e - TactiLab","robots":{"index":"index","follow":"follow","max-snippet":"max-snippet:-1","max-image-preview":"max-image-preview:large","max-video-preview":"max-video-preview:-1"},"canonical":"https:\/\/tactilab.org\/","og_locale":"fr_FR","og_type":"article","og_title":"Le FabLab inclusif \u00e0 Villeurbanne : imaginer, fabriquer, \u00e9changer \u00e0 la port\u00e9e de chacun\u00b7e - TactiLab","og_description":"Le TactiLab Pour Qui ? Ressources Les Cr\u00e9ations Informations Pratiques Actualit\u00e9s Retrouvez-nous ici !","og_url":"https:\/\/tactilab.org\/","og_site_name":"TactiLab","article_modified_time":"2026-01-13T15:58:48+00:00","twitter_card":"summary_large_image","schema":{"@context":"https:\/\/schema.org","@graph":[{"@type":"WebPage","@id":"https:\/\/tactilab.org\/","url":"https:\/\/tactilab.org\/","name":"Le FabLab inclusif \u00e0 Villeurbanne : imaginer, fabriquer, \u00e9changer \u00e0 la port\u00e9e de chacun\u00b7e - TactiLab","isPartOf":{"@id":"https:\/\/tactilab.org\/#website"},"datePublished":"2025-11-04T15:24:34+00:00","dateModified":"2026-01-13T15:58:48+00:00","breadcrumb":{"@id":"https:\/\/tactilab.org\/#breadcrumb"},"inLanguage":"fr-FR","potentialAction":[{"@type":"ReadAction","target":["https:\/\/tactilab.org\/"]}]},{"@type":"BreadcrumbList","@id":"https:\/\/tactilab.org\/#breadcrumb","itemListElement":[{"@type":"ListItem","position":1,"name":"Accueil","item":"https:\/\/tactilab.org\/"},{"@type":"ListItem","position":2,"name":"Le FabLab inclusif \u00e0 Villeurbanne : imaginer, fabriquer, \u00e9changer \u00e0 la port\u00e9e de chacun\u00b7e"}]},{"@type":"WebSite","@id":"https:\/\/tactilab.org\/#website","url":"https:\/\/tactilab.org\/","name":"TactiLab","description":"TactiLab L&#039;atelier singulier","publisher":{"@id":"https:\/\/tactilab.org\/#organization"},"potentialAction":[{"@type":"SearchAction","target":{"@type":"EntryPoint","urlTemplate":"https:\/\/tactilab.org\/?s={search_term_string}"},"query-input":{"@type":"PropertyValueSpecification","valueRequired":true,"valueName":"search_term_string"}}],"inLanguage":"fr-FR"},{"@type":"Organization","@id":"https:\/\/tactilab.org\/#organization","name":"TactiLab","url":"https:\/\/tactilab.org\/","logo":{"@type":"ImageObject","inLanguage":"fr-FR","@id":"https:\/\/tactilab.org\/#\/schema\/logo\/image\/","url":"https:\/\/tactilab.org\/wp-content\/uploads\/2020\/06\/cropped-tactilab-RVB_LOGOcomplet-1-e1592398906865.png","contentUrl":"https:\/\/tactilab.org\/wp-content\/uploads\/2020\/06\/cropped-tactilab-RVB_LOGOcomplet-1-e1592398906865.png","width":293,"height":250,"caption":"TactiLab"},"image":{"@id":"https:\/\/tactilab.org\/#\/schema\/logo\/image\/"},"sameAs":["https:\/\/www.instagram.com\/tacti.lab\/"]}]}},"_links":{"self":[{"href":"https:\/\/tactilab.org\/index.php\/wp-json\/wp\/v2\/pages\/1859","targetHints":{"allow":["GET"]}}],"collection":[{"href":"https:\/\/tactilab.org\/index.php\/wp-json\/wp\/v2\/pages"}],"about":[{"href":"https:\/\/tactilab.org\/index.php\/wp-json\/wp\/v2\/types\/page"}],"author":[{"embeddable":true,"href":"https:\/\/tactilab.org\/index.php\/wp-json\/wp\/v2\/users\/1"}],"replies":[{"embeddable":true,"href":"https:\/\/tactilab.org\/index.php\/wp-json\/wp\/v2\/comments?post=1859"}],"version-history":[{"count":29,"href":"https:\/\/tactilab.org\/index.php\/wp-json\/wp\/v2\/pages\/1859\/revisions"}],"predecessor-version":[{"id":2090,"href":"https:\/\/tactilab.org\/index.php\/wp-json\/wp\/v2\/pages\/1859\/revisions\/2090"}],"wp:attachment":[{"href":"https:\/\/tactilab.org\/index.php\/wp-json\/wp\/v2\/media?parent=1859"}],"curies":[{"name":"wp","href":"https:\/\/api.w.org\/{rel}","templated":true}]}}